{"id":508,"date":"2013-09-24T01:12:32","date_gmt":"2013-09-24T01:12:32","guid":{"rendered":"http:\/\/sk-lc.com\/portugues\/?page_id=20"},"modified":"2026-01-27T11:25:47","modified_gmt":"2026-01-27T14:25:47","slug":"depoimentos","status":"publish","type":"page","link":"https:\/\/sk-lc.com\/portugues\/depoimentos\/","title":{"rendered":"Depoimentos"},"content":{"rendered":"<div class=\"wpb-content-wrapper\"><p>[vc_row][vc_column]<div id=\"testimonial-slider69e8d40ee2d0e\" class=\"dfd-testimonial-slider   above  align-center\"\r\n\t\t\tdata-autoplay=\"true\"\r\n\t\t\tdata-centered=\"true\"\r\n\t\t\tdata-autoplay_speed=\"3000\"\r\n\t\t\tdata-draggable=\"false\"\r\n\t\t\tdata-start_slide=\"2\"\r\n\t\t\tdata-rtl=\"false\"\r\n\t\t\t\r\n\t\t\t><div class=\"testimonials-thumbs-wrap \" style=\"\"  ><div class=\"testimonials-thumbs-slider\"><a class=\"thumb dfd-img-lazy-load\" ><img loading=\"lazy\" decoding=\"async\" src=\"data:image\/svg+xml;charset=utf-8,%3Csvg xmlns%3D'http%3A%2F%2Fwww.w3.org%2F2000%2Fsvg' viewBox%3D'0 0 80 80'%2F%3E\" data-src=\"https:\/\/sk-lc.com\/portugues\/wp-content\/themes\/ronneby\/assets\/img\/no-user.png\" width=\"80\" height=\"80\" alt=\"Image\"  \/><\/a><a class=\"thumb dfd-img-lazy-load\" ><img loading=\"lazy\" decoding=\"async\" src=\"data:image\/svg+xml;charset=utf-8,%3Csvg xmlns%3D'http%3A%2F%2Fwww.w3.org%2F2000%2Fsvg' viewBox%3D'0 0 80 80'%2F%3E\" data-src=\"https:\/\/sk-lc.com\/portugues\/wp-content\/themes\/ronneby\/assets\/img\/no-user.png\" width=\"80\" height=\"80\" alt=\"Image\"  \/><\/a><a class=\"thumb dfd-img-lazy-load\" ><img loading=\"lazy\" decoding=\"async\" src=\"data:image\/svg+xml;charset=utf-8,%3Csvg xmlns%3D'http%3A%2F%2Fwww.w3.org%2F2000%2Fsvg' viewBox%3D'0 0 80 80'%2F%3E\" data-src=\"https:\/\/sk-lc.com\/portugues\/wp-content\/themes\/ronneby\/assets\/img\/no-user.png\" width=\"80\" height=\"80\" alt=\"Image\"  \/><\/a><a class=\"thumb dfd-img-lazy-load\" ><img loading=\"lazy\" decoding=\"async\" src=\"data:image\/svg+xml;charset=utf-8,%3Csvg xmlns%3D'http%3A%2F%2Fwww.w3.org%2F2000%2Fsvg' viewBox%3D'0 0 80 80'%2F%3E\" data-src=\"https:\/\/sk-lc.com\/portugues\/wp-content\/themes\/ronneby\/assets\/img\/no-user.png\" width=\"80\" height=\"80\" alt=\"Image\"  \/><\/a><\/div><\/div><div class=\"testimonials-content-wrap\" ><div class=\"testimonials-slider\"><div class=\"testimonials-content\"><span class=\"icon-wrap\"><i class=\"navicon-quote-right\" ><\/i><\/span><div class=\"text-wrap\" ><div class=\"testimonial-text dfd-testimonial-content\" style=\"\">A Debora \u00e9 uma professora incr\u00edvel, muito competente e comprometida. \nComecei a fazer aulas com ela e logo percebi a evolu\u00e7\u00e3o no me vocabul\u00e1rio e flu\u00eancia de fala.  \nVendo a grande vantagem de fazer aulas neste formato, coloquei tamb\u00e9m meu filho (14 anos) e minha sobrinha (10 anos) para fazerem aula com ela. Eles adoram, pois ela planeja as aulas para serem interativas e interessantes. Al\u00e9m disso, ela o ajuda com as provas da escola e melhorou o desempenho deles na escola.\n<\/div><\/div><div class=\"wrap-delimiter\"><div class=\"delimiter \" ><\/div><\/div><div class=\"info-box-title feature-title\" style=\"\">Jean Barreto \u2013 T.I.<\/div><\/div><div class=\"testimonials-content\"><span class=\"icon-wrap\"><i class=\"navicon-quote-right\" ><\/i><\/span><div class=\"text-wrap\" ><div class=\"testimonial-text dfd-testimonial-content\" style=\"\">Antes das aulas de ingl\u00eas, eu me sentia muito travada para aprender e tinha bastante dificuldade na compreens\u00e3o de textos. Com o tempo, percebi um grande desenvolvimento, principalmente na minha compreens\u00e3o do idioma. \nO que mais gosto nas aulas \u00e9 que o m\u00e9todo \u00e9 consistente e bem estruturado.\nAl\u00e9m disso, a Prof. D\u00e9bora tem muita din\u00e2mica e consegue adequar as aulas exatamente \u00e0s minhas necessidades.\nHoje me sinto muito mais confiante no meu processo de aprendizagem.\n<\/div><\/div><div class=\"wrap-delimiter\"><div class=\"delimiter \" ><\/div><\/div><div class=\"info-box-title feature-title\" style=\"\">Shirley Anjos - Profissional do Mercado Financeiro<\/div><\/div><div class=\"testimonials-content\"><span class=\"icon-wrap\"><i class=\"navicon-quote-right\" ><\/i><\/span><div class=\"text-wrap\" ><div class=\"testimonial-text dfd-testimonial-content\" style=\"\">Eu aprecio minha professora de ingl\u00eas por seu compromisso, intelig\u00eancia e profissionalismo excepcionais. Ela \u00e9 sempre pontual, o que demonstra respeito pelo nosso tempo e dedica\u00e7\u00e3o ao nosso aprendizado. Os materiais fornecidos s\u00e3o adaptados \u00e0s minhas necessidades espec\u00edficas, tornando as aulas altamente relevantes e eficazes. O mais importante \u00e9 que o processo de aprendizagem \u00e9 pensado no aluno, garantindo que cada etapa apoie nosso progresso e confian\u00e7a no uso do idioma.\n<\/div><\/div><div class=\"wrap-delimiter\"><div class=\"delimiter \" ><\/div><\/div><div class=\"info-box-title feature-title\" style=\"\">Priscila Anjos \u2013 Engenheira Ambiental<\/div><\/div><div class=\"testimonials-content\"><span class=\"icon-wrap\"><i class=\"navicon-quote-right\" ><\/i><\/span><div class=\"text-wrap\" ><div class=\"testimonial-text dfd-testimonial-content\" style=\"\">Quero deixar registrado aqui a minha admira\u00e7\u00e3o sobre a teacher Debora.\nSua did\u00e1tica \u00e9 clara e envolvente, tornando a aula din\u00e2mica e produtiva. Ela demonstra profundo conhecimento da l\u00edngua inglesa, sempre trazendo explica\u00e7\u00f5es detalhadas e exemplos pr\u00e1ticos que facilitam a minha compreens\u00e3o. Al\u00e9m disso, sua paci\u00eancia e capacidade de adaptar o conte\u00fado \u00e0s minhas necessidades s\u00e3o qualidades que fazem toda a diferen\u00e7a, contribuindo para que eu me sinta confiante em aprender e evoluir na l\u00edngua inglesa. Eu super recomendo a teacher Debora. \ud83d\ude0a<\/div><\/div><div class=\"wrap-delimiter\"><div class=\"delimiter \" ><\/div><\/div><div class=\"info-box-title feature-title\" style=\"\">Luciana Basques<\/div><\/div><\/div><\/div><\/div>\t\t\t<script type=\"text\/javascript\">\r\n\t\t\t\t(function ($) {\r\n\t\t\t\t\t\"use strict\";\r\n\t\t\t\t\tvar $carousel = $('#testimonial-slider69e8d40ee2d0e');\r\n\t\t\t\t\t$(document).ready(function () {\r\n\t\t\t\t\t\t$carousel.find('.testimonials-slider').slick({\r\n\t\t\t\t\t\t\tslidesToShow: 1,\r\n\t\t\t\t\t\t\tslidesToScroll: 1,\r\n\t\t\t\t\t\t\tarrows: false,\r\n\t\t\t\t\t\t\tdots: false,\r\n\t\t\t\t\t\t\tfade: false,\r\n\t\t\t\t\t\t\tasNavFor: $carousel.find('.testimonials-thumbs-slider'),\r\n\t\t\t\t\t\t\tcenterPadding: '0',\r\n\t\t\t\t\t\t\tautoplay: $carousel.data('autoplay'),\r\n\t\t\t\t\t\t\tautoplaySpeed: $carousel.data('autoplay_speed'),\r\n\t\t\t\t\t\t\tdraggable: $carousel.data('draggable'),\r\n\t\t\t\t\t\t\tcenterMode: $carousel.data('centered'),\r\n\t\t\t\t\t\t\tinfinite: true,\r\n\t\t\t\t\t\t\trtl: $carousel.data('rtl'),\r\n\t\t\t\t\t\t\tinitialSlide: $carousel.data('start_slide')\r\n\r\n\t\t\t\t\t\t});\r\n\t\t\t\t\t\t$carousel.find('.testimonials-thumbs-slider').slick({\r\n\t\t\t\t\t\t\tslidesToShow: 1,\r\n\t\t\t\t\t\t\tslidesToScroll: 1,\r\n\t\t\t\t\t\t\tasNavFor: $carousel.find('.testimonials-slider'),\r\n\t\t\t\t\t\t\tdots: false,\r\n\t\t\t\t\t\t\tarrows: false,\r\n\t\t\t\t\t\t\tdraggable: false,\r\n\t\t\t\t\t\t\tcenterMode: $carousel.data('centered'),\r\n\t\t\t\t\t\t\tinitialSlide:  $carousel.data('start_slide'),\r\n\t\t\t\t\t\t\tinfinite: true,\r\n\t\t\t\t\t\t\tvariableWidth: true,\r\n\t\t\t\t\t\t\tfocusOnSelect: true,\r\n\t\t\t\t\t\t\trtl: $carousel.data('rtl')\r\n\t\t\t\t\t\t});\r\n\t\t\t\t\t});\r\n\t\t\t\t})(jQuery);\r\n\t\t\t<\/script>\r\n\t\t\t[\/vc_column][\/vc_row]<\/p>\n<\/div>","protected":false},"excerpt":{"rendered":"<p>[vc_row][vc_column][\/vc_column][\/vc_row]<\/p>\n","protected":false},"author":1,"featured_media":0,"parent":0,"menu_order":0,"comment_status":"closed","ping_status":"closed","template":"","meta":{"_acf_changed":false,"footnotes":""},"class_list":["post-508","page","type-page","status-publish","hentry"],"acf":[],"_links":{"self":[{"href":"https:\/\/sk-lc.com\/portugues\/wp-json\/wp\/v2\/pages\/508","targetHints":{"allow":["GET"]}}],"collection":[{"href":"https:\/\/sk-lc.com\/portugues\/wp-json\/wp\/v2\/pages"}],"about":[{"href":"https:\/\/sk-lc.com\/portugues\/wp-json\/wp\/v2\/types\/page"}],"author":[{"embeddable":true,"href":"https:\/\/sk-lc.com\/portugues\/wp-json\/wp\/v2\/users\/1"}],"replies":[{"embeddable":true,"href":"https:\/\/sk-lc.com\/portugues\/wp-json\/wp\/v2\/comments?post=508"}],"version-history":[{"count":9,"href":"https:\/\/sk-lc.com\/portugues\/wp-json\/wp\/v2\/pages\/508\/revisions"}],"predecessor-version":[{"id":783,"href":"https:\/\/sk-lc.com\/portugues\/wp-json\/wp\/v2\/pages\/508\/revisions\/783"}],"wp:attachment":[{"href":"https:\/\/sk-lc.com\/portugues\/wp-json\/wp\/v2\/media?parent=508"}],"curies":[{"name":"wp","href":"https:\/\/api.w.org\/{rel}","templated":true}]}}