{"id":510,"date":"2013-09-24T01:21:01","date_gmt":"2013-09-24T01:21:01","guid":{"rendered":"http:\/\/sk-lc.com\/portugues\/?page_id=43"},"modified":"2026-01-26T10:46:01","modified_gmt":"2026-01-26T13:46:01","slug":"why-learn-english-por-que-aprender-ingles","status":"publish","type":"page","link":"https:\/\/sk-lc.com\/portugues\/why-learn-english-por-que-aprender-ingles\/","title":{"rendered":"Por que aprender ingl\u00eas?"},"content":{"rendered":"<div class=\"wpb-content-wrapper\"><p>[vc_row][vc_column][vc_column_text css=&#8221;&#8221;]<span style=\"font-weight: 400;\">Aprender ingl\u00eas \u00e9 uma oportunidade valiosa que pode transformar significativamente a sua vida pessoal e profissional. A flu\u00eancia na l\u00edngua inglesa abre portas para o mercado de trabalho global, permitindo acesso a melhores oportunidades de emprego e potencial de renda mais alta. Al\u00e9m disso, falar ingl\u00eas facilita a comunica\u00e7\u00e3o durante viagens, tornando experi\u00eancias internacionais mais ricas e agrad\u00e1veis. O dom\u00ednio do ingl\u00eas tamb\u00e9m proporciona acesso a uma vasta gama de recursos acad\u00eamicos e culturais, como livros, filmes e m\u00fasicas, ampliando horizontes e promovendo a compreens\u00e3o de diferentes culturas. Por fim, ao se comunicar em ingl\u00eas, voc\u00ea melhora suas habilidades cognitivas e de resolu\u00e7\u00e3o de problemas, o que \u00e9 ben\u00e9fico em qualquer \u00e1rea da vida. N\u00e3o perca a chance de se conectar com o mundo e potencializar suas oportunidades!<\/span>[\/vc_column_text][\/vc_column][\/vc_row]<\/p>\n<\/div>","protected":false},"excerpt":{"rendered":"<p>[vc_row][vc_column][vc_column_text css=&#8221;&#8221;]Aprender ingl\u00eas \u00e9 uma oportunidade valiosa que pode transformar significativamente a sua vida pessoal e profissional. A flu\u00eancia na l\u00edngua inglesa abre portas para o mercado de trabalho global,<\/p>\n","protected":false},"author":1,"featured_media":0,"parent":0,"menu_order":0,"comment_status":"open","ping_status":"open","template":"","meta":{"_acf_changed":false,"footnotes":""},"class_list":["post-510","page","type-page","status-publish","hentry"],"acf":[],"_links":{"self":[{"href":"https:\/\/sk-lc.com\/portugues\/wp-json\/wp\/v2\/pages\/510","targetHints":{"allow":["GET"]}}],"collection":[{"href":"https:\/\/sk-lc.com\/portugues\/wp-json\/wp\/v2\/pages"}],"about":[{"href":"https:\/\/sk-lc.com\/portugues\/wp-json\/wp\/v2\/types\/page"}],"author":[{"embeddable":true,"href":"https:\/\/sk-lc.com\/portugues\/wp-json\/wp\/v2\/users\/1"}],"replies":[{"embeddable":true,"href":"https:\/\/sk-lc.com\/portugues\/wp-json\/wp\/v2\/comments?post=510"}],"version-history":[{"count":4,"href":"https:\/\/sk-lc.com\/portugues\/wp-json\/wp\/v2\/pages\/510\/revisions"}],"predecessor-version":[{"id":744,"href":"https:\/\/sk-lc.com\/portugues\/wp-json\/wp\/v2\/pages\/510\/revisions\/744"}],"wp:attachment":[{"href":"https:\/\/sk-lc.com\/portugues\/wp-json\/wp\/v2\/media?parent=510"}],"curies":[{"name":"wp","href":"https:\/\/api.w.org\/{rel}","templated":true}]}}