{"id":516,"date":"2013-09-24T01:27:14","date_gmt":"2013-09-24T01:27:14","guid":{"rendered":"http:\/\/sk-lc.com\/portugues\/?page_id=66"},"modified":"2026-01-26T16:47:10","modified_gmt":"2026-01-26T19:47:10","slug":"learn-another-language-aprenda-um-idioma","status":"publish","type":"page","link":"https:\/\/sk-lc.com\/portugues\/learn-another-language-aprenda-um-idioma\/","title":{"rendered":"Aprenda Ingl\u00eas"},"content":{"rendered":"<div class=\"wpb-content-wrapper\"><p>[vc_row][vc_column][vc_column_text css=&#8221;&#8221;]<span style=\"font-weight: 400;\">\u201cFalar uma segunda l\u00edngua \u00e9 como ter uma segunda alma\u201d \u2014 frase atribu\u00edda a Carlos Magno que resume perfeitamente o poder que o ingl\u00eas pode ter na sua vida. Aprender o idioma n\u00e3o \u00e9 apenas uma habilidade pr\u00e1tica que faz bem ao c\u00e9rebro: \u00e9 a oportunidade de abrir portas para novas experi\u00eancias e para uma nova forma de enxergar o mundo. Ao dominar o ingl\u00eas, voc\u00ea amplia suas possibilidades profissionais, aumenta suas chances de conquistar melhores oportunidades e de participar de projetos internacionais. Al\u00e9m disso, viajar se torna mais enriquecedor, com intera\u00e7\u00f5es mais aut\u00eanticas e maior imers\u00e3o cultural; e o acesso a conte\u00fados valiosos \u2014 livros, filmes, cursos e m\u00fasicas \u2014 expande seu repert\u00f3rio, seu conhecimento e seus prazeres. J\u00e1 pensou em aprender com os seus hobbies?<\/span><\/p>\n<p><span style=\"font-weight: 400;\">Entre em contato e descubra como fazer parte do mundo de uma outra forma e tornar sua jornada ainda mais emocionante!<\/span>[\/vc_column_text][\/vc_column][\/vc_row]<\/p>\n<\/div>","protected":false},"excerpt":{"rendered":"<p>[vc_row][vc_column][vc_column_text css=&#8221;&#8221;]\u201cFalar uma segunda l\u00edngua \u00e9 como ter uma segunda alma\u201d \u2014 frase atribu\u00edda a Carlos Magno que resume perfeitamente o poder que o ingl\u00eas pode ter na sua vida.<\/p>\n","protected":false},"author":1,"featured_media":0,"parent":0,"menu_order":0,"comment_status":"open","ping_status":"open","template":"","meta":{"_acf_changed":false,"footnotes":""},"class_list":["post-516","page","type-page","status-publish","hentry"],"acf":[],"_links":{"self":[{"href":"https:\/\/sk-lc.com\/portugues\/wp-json\/wp\/v2\/pages\/516","targetHints":{"allow":["GET"]}}],"collection":[{"href":"https:\/\/sk-lc.com\/portugues\/wp-json\/wp\/v2\/pages"}],"about":[{"href":"https:\/\/sk-lc.com\/portugues\/wp-json\/wp\/v2\/types\/page"}],"author":[{"embeddable":true,"href":"https:\/\/sk-lc.com\/portugues\/wp-json\/wp\/v2\/users\/1"}],"replies":[{"embeddable":true,"href":"https:\/\/sk-lc.com\/portugues\/wp-json\/wp\/v2\/comments?post=516"}],"version-history":[{"count":5,"href":"https:\/\/sk-lc.com\/portugues\/wp-json\/wp\/v2\/pages\/516\/revisions"}],"predecessor-version":[{"id":761,"href":"https:\/\/sk-lc.com\/portugues\/wp-json\/wp\/v2\/pages\/516\/revisions\/761"}],"wp:attachment":[{"href":"https:\/\/sk-lc.com\/portugues\/wp-json\/wp\/v2\/media?parent=516"}],"curies":[{"name":"wp","href":"https:\/\/api.w.org\/{rel}","templated":true}]}}