{"id":54,"date":"2013-09-24T01:25:03","date_gmt":"2013-09-24T01:25:03","guid":{"rendered":"http:\/\/sk-lc.com\/portugues\/?page_id=54"},"modified":"2026-01-26T16:46:11","modified_gmt":"2026-01-26T19:46:11","slug":"language-for-work-idioma-para-trabalho","status":"publish","type":"page","link":"https:\/\/sk-lc.com\/portugues\/language-for-work-idioma-para-trabalho\/","title":{"rendered":"Assessoria Lingu\u00edstica"},"content":{"rendered":"<div class=\"wpb-content-wrapper\"><p>[vc_row][vc_column][vc_column_text css=&#8221;&#8221;]<span style=\"font-weight: 400;\">Contratar uma assessoria lingu\u00edstica especializada na l\u00edngua inglesa \u00e9 um diferencial decisivo para quem deseja transitar rapidamente com seguran\u00e7a no cen\u00e1rio global, garantindo que a comunica\u00e7\u00e3o n\u00e3o seja apenas correta, mas idiom\u00e1tica e natural. Diferente de uma tradu\u00e7\u00e3o automatizada ou um int\u00e9rprete, a assessoria considera o contexto cultural e as sutilezas do &#8220;<\/span><i><span style=\"font-weight: 400;\">Business English<\/span><\/i><span style=\"font-weight: 400;\">&#8220;, eliminando v\u00edcios de linguagem e constru\u00e7\u00f5es que soam artificiais para um falante nativo. Isso resulta em uma maior autoridade internacional, permitindo que apresenta\u00e7\u00f5es, negocia\u00e7\u00f5es e documentos reflitam exatamente a sofistica\u00e7\u00e3o e o profissionalismo pretendidos, minimizando ru\u00eddos e maximizando o impacto da mensagem em mercados estrangeiros.<\/span><\/p>\n<p><span style=\"font-weight: 400;\">Uma assessoria lingu\u00edstica de l\u00edngua inglesa oferece um suporte personalizado que vai muito al\u00e9m de um &#8220;corretor de textos&#8221;.&nbsp;&nbsp;<\/span><\/p>\n<p><span style=\"font-weight: 400;\">Entre em contato para encontrar o apoio em comunica\u00e7\u00e3o que falta para sua empresa crescer.<\/span>[\/vc_column_text][\/vc_column][\/vc_row]<\/p>\n<\/div>","protected":false},"excerpt":{"rendered":"<p>[vc_row][vc_column][vc_column_text css=&#8221;&#8221;]Contratar uma assessoria lingu\u00edstica especializada na l\u00edngua inglesa \u00e9 um diferencial decisivo para quem deseja transitar rapidamente com seguran\u00e7a no cen\u00e1rio global, garantindo que a comunica\u00e7\u00e3o n\u00e3o seja apenas<\/p>\n","protected":false},"author":1,"featured_media":0,"parent":0,"menu_order":0,"comment_status":"open","ping_status":"open","template":"","meta":{"_acf_changed":false,"footnotes":""},"class_list":["post-54","page","type-page","status-publish","hentry"],"acf":[],"_links":{"self":[{"href":"https:\/\/sk-lc.com\/portugues\/wp-json\/wp\/v2\/pages\/54","targetHints":{"allow":["GET"]}}],"collection":[{"href":"https:\/\/sk-lc.com\/portugues\/wp-json\/wp\/v2\/pages"}],"about":[{"href":"https:\/\/sk-lc.com\/portugues\/wp-json\/wp\/v2\/types\/page"}],"author":[{"embeddable":true,"href":"https:\/\/sk-lc.com\/portugues\/wp-json\/wp\/v2\/users\/1"}],"replies":[{"embeddable":true,"href":"https:\/\/sk-lc.com\/portugues\/wp-json\/wp\/v2\/comments?post=54"}],"version-history":[{"count":5,"href":"https:\/\/sk-lc.com\/portugues\/wp-json\/wp\/v2\/pages\/54\/revisions"}],"predecessor-version":[{"id":759,"href":"https:\/\/sk-lc.com\/portugues\/wp-json\/wp\/v2\/pages\/54\/revisions\/759"}],"wp:attachment":[{"href":"https:\/\/sk-lc.com\/portugues\/wp-json\/wp\/v2\/media?parent=54"}],"curies":[{"name":"wp","href":"https:\/\/api.w.org\/{rel}","templated":true}]}}