{"id":56,"date":"2013-09-24T01:25:22","date_gmt":"2013-09-24T01:25:22","guid":{"rendered":"http:\/\/sk-lc.com\/portugues\/?page_id=56"},"modified":"2026-01-26T16:44:21","modified_gmt":"2026-01-26T19:44:21","slug":"company-consulting-consultoria-para-empresas","status":"publish","type":"page","link":"https:\/\/sk-lc.com\/portugues\/company-consulting-consultoria-para-empresas\/","title":{"rendered":"Consultoria e Desenvolvimento Lingu\u00edstico de Times"},"content":{"rendered":"<div class=\"wpb-content-wrapper\"><p>[vc_row][vc_column][vc_column_text css=&#8221;&#8221;]<span style=\"font-weight: 400;\">Oferecemos servi\u00e7os especializados em <\/span><b>consultoria e desenvolvimento lingu\u00edstico<\/b><span style=\"font-weight: 400;\">, projetados para fortalecer a comunica\u00e7\u00e3o dentro de sua equipe. Iniciamos com uma an\u00e1lise detalhada dos pontos fortes e fracos dos membros, identificando \u00e1reas de melhoria e potencial. A partir da\u00ed, disponibilizamos <\/span><b>aulas particulares<\/b><span style=\"font-weight: 400;\">, adaptadas \u00e0s necessidades individuais, <\/span><b>treinamentos e workshops<\/b><span style=\"font-weight: 400;\"> em grupo din\u00e2micos, que promovem a pr\u00e1tica colaborativa e o aprendizado em equipe. Com essas iniciativas, visamos aprimorar n\u00e3o apenas as habilidades lingu\u00edsticas, mas tamb\u00e9m a capacidade de trabalho em equipe, impulsionando a efici\u00eancia e a produtividade dentro da sua empresa.<\/span><\/p>\n<p><span style=\"font-weight: 400;\">Invista na comunica\u00e7\u00e3o eficaz da sua equipe! Muitas empresas gastam recursos em aulas particulares que n\u00e3o atendem \u00e0s reais necessidades dos funcion\u00e1rios. Nossa consultoria personalizada garante que cada membro da sua equipe desenvolva habilidades lingu\u00edsticas direcionadas, maximizando o aprendizado e potencializando o desempenho no trabalho. Transforme seu investimento em resultados concretos!&nbsp;<\/span><\/p>\n<p><span style=\"font-weight: 400;\">Entre em contato e descubra como podemos fazer a diferen\u00e7a.<\/span>[\/vc_column_text][\/vc_column][\/vc_row]<\/p>\n<\/div>","protected":false},"excerpt":{"rendered":"<p>[vc_row][vc_column][vc_column_text css=&#8221;&#8221;]Oferecemos servi\u00e7os especializados em consultoria e desenvolvimento lingu\u00edstico, projetados para fortalecer a comunica\u00e7\u00e3o dentro de sua equipe. Iniciamos com uma an\u00e1lise detalhada dos pontos fortes e fracos dos membros,<\/p>\n","protected":false},"author":1,"featured_media":0,"parent":0,"menu_order":0,"comment_status":"open","ping_status":"open","template":"","meta":{"_acf_changed":false,"footnotes":""},"class_list":["post-56","page","type-page","status-publish","hentry"],"acf":[],"_links":{"self":[{"href":"https:\/\/sk-lc.com\/portugues\/wp-json\/wp\/v2\/pages\/56","targetHints":{"allow":["GET"]}}],"collection":[{"href":"https:\/\/sk-lc.com\/portugues\/wp-json\/wp\/v2\/pages"}],"about":[{"href":"https:\/\/sk-lc.com\/portugues\/wp-json\/wp\/v2\/types\/page"}],"author":[{"embeddable":true,"href":"https:\/\/sk-lc.com\/portugues\/wp-json\/wp\/v2\/users\/1"}],"replies":[{"embeddable":true,"href":"https:\/\/sk-lc.com\/portugues\/wp-json\/wp\/v2\/comments?post=56"}],"version-history":[{"count":5,"href":"https:\/\/sk-lc.com\/portugues\/wp-json\/wp\/v2\/pages\/56\/revisions"}],"predecessor-version":[{"id":756,"href":"https:\/\/sk-lc.com\/portugues\/wp-json\/wp\/v2\/pages\/56\/revisions\/756"}],"wp:attachment":[{"href":"https:\/\/sk-lc.com\/portugues\/wp-json\/wp\/v2\/media?parent=56"}],"curies":[{"name":"wp","href":"https:\/\/api.w.org\/{rel}","templated":true}]}}